{"id":102,"date":"2025-05-30T22:49:43","date_gmt":"2025-05-30T20:49:43","guid":{"rendered":"https:\/\/laboratoriumbiznesu.com.pl\/?page_id=102"},"modified":"2025-06-04T13:57:19","modified_gmt":"2025-06-04T11:57:19","slug":"oferta","status":"publish","type":"page","link":"https:\/\/laboratoriumbiznesu.com.pl\/?page_id=102","title":{"rendered":"Oferta"},"content":{"rendered":"\n<div class=\"wp-block-group alignfull superbthemes-navigation-004 is-layout-flow wp-block-group-is-layout-flow\" style=\"margin-top:0;margin-bottom:0;padding-top:0;padding-bottom:0\">\n<div class=\"wp-block-cover\" style=\"margin-top:0;margin-bottom:0;padding-top:var(--wp--preset--spacing--superbspacing-xxlarge);padding-right:0;padding-bottom:var(--wp--preset--spacing--superbspacing-xxlarge);padding-left:0;min-height:100px;aspect-ratio:unset;\"><img loading=\"lazy\" decoding=\"async\" width=\"1584\" height=\"396\" class=\"wp-block-cover__image-background wp-image-105 size-full\" alt=\"\" src=\"https:\/\/laboratoriumbiznesu.com.pl\/wp-content\/uploads\/2025\/05\/141.png\" data-object-fit=\"cover\" srcset=\"https:\/\/laboratoriumbiznesu.com.pl\/wp-content\/uploads\/2025\/05\/141.png 1584w, https:\/\/laboratoriumbiznesu.com.pl\/wp-content\/uploads\/2025\/05\/141-300x75.png 300w, https:\/\/laboratoriumbiznesu.com.pl\/wp-content\/uploads\/2025\/05\/141-1024x256.png 1024w, https:\/\/laboratoriumbiznesu.com.pl\/wp-content\/uploads\/2025\/05\/141-768x192.png 768w, https:\/\/laboratoriumbiznesu.com.pl\/wp-content\/uploads\/2025\/05\/141-1536x384.png 1536w\" sizes=\"auto, (max-width: 1584px) 100vw, 1584px\" \/><span aria-hidden=\"true\" class=\"wp-block-cover__background has-background-dim-10 has-background-dim\" style=\"background-color:#747577\"><\/span><div class=\"wp-block-cover__inner-container is-layout-flow wp-container-core-cover-is-layout-d0f87605 wp-block-cover-is-layout-flow\">\n<div class=\"wp-block-group alignwide has-global-padding is-layout-constrained wp-container-core-group-is-layout-5e89162f wp-block-group-is-layout-constrained\" style=\"padding-top:var(--wp--preset--spacing--superbspacing-small);padding-right:var(--wp--preset--spacing--superbspacing-medium);padding-bottom:var(--wp--preset--spacing--superbspacing-medium);padding-left:var(--wp--preset--spacing--superbspacing-medium)\">\n<h6 class=\"wp-block-heading alignfull has-text-align-center has-contrast-light-color has-text-color has-superbfont-xxlarge-font-size\" style=\"padding-right:var(--wp--preset--spacing--superbspacing-small);padding-bottom:var(--wp--preset--spacing--superbspacing-xxsmall);padding-left:var(--wp--preset--spacing--superbspacing-small);font-style:normal;font-weight:700\">Maksymalizuj sukces Twojej firmy!<\/h6>\n\n\n\n<p class=\"has-text-align-center has-contrast-light-color has-text-color has-link-color wp-elements-70a7305f9cb288d3d49dfc7c0a340691\">Dane to klucz do sukcesu \u2013 my pomagamy go znale\u017a\u0107!<\/p>\n<\/div>\n<\/div><\/div>\n<\/div>\n\n\n\n<div class=\"wp-block-group alignfull has-mono-4-background-color has-background has-global-padding is-layout-constrained wp-container-core-group-is-layout-c3433f61 wp-block-group-is-layout-constrained\" style=\"margin-top:0;margin-bottom:0;padding-top:var(--wp--preset--spacing--superbspacing-xxlarge);padding-right:var(--wp--preset--spacing--superbspacing-small);padding-bottom:var(--wp--preset--spacing--superbspacing-xxlarge);padding-left:var(--wp--preset--spacing--superbspacing-small)\">\n<div class=\"wp-block-columns alignwide is-layout-flex wp-container-core-columns-is-layout-25593187 wp-block-columns-is-layout-flex\">\n<div class=\"wp-block-column is-vertically-aligned-center is-layout-flow wp-container-core-column-is-layout-40a2a7e8 wp-block-column-is-layout-flow\" style=\"padding-right:0;padding-bottom:0;padding-left:0\">\n<figure class=\"wp-block-image size-full has-custom-border\"><img loading=\"lazy\" decoding=\"async\" width=\"940\" height=\"788\" src=\"https:\/\/laboratoriumbiznesu.com.pl\/wp-content\/uploads\/2025\/05\/9-1-1.png\" alt=\"\" class=\"wp-image-65\" style=\"border-radius:8px\" srcset=\"https:\/\/laboratoriumbiznesu.com.pl\/wp-content\/uploads\/2025\/05\/9-1-1.png 940w, https:\/\/laboratoriumbiznesu.com.pl\/wp-content\/uploads\/2025\/05\/9-1-1-300x251.png 300w, https:\/\/laboratoriumbiznesu.com.pl\/wp-content\/uploads\/2025\/05\/9-1-1-768x644.png 768w\" sizes=\"auto, (max-width: 940px) 100vw, 940px\" \/><\/figure>\n<\/div>\n\n\n\n<div class=\"wp-block-column is-vertically-aligned-center is-layout-flow wp-container-core-column-is-layout-a1628350 wp-block-column-is-layout-flow\" style=\"padding-top:0;padding-right:0;padding-bottom:0;padding-left:0\">\n<div class=\"wp-block-group is-layout-flow wp-container-core-group-is-layout-ff697075 wp-block-group-is-layout-flow\">\n<h3 class=\"wp-block-heading has-text-align-left has-superbfont-xlarge-font-size\">Profesjonalne analizy dla lepszych decyzji biznesowych<\/h3>\n\n\n\n<p class=\"has-text-align-left has-secondary-color has-text-color has-superbfont-small-font-size\"><br>\u2705 Analizy sprzeda\u017cowe \u2013 pomagamy optymalizowa\u0107 strategie sprzeda\u017cowe, identyfikuj\u0105c najbardziej rentowne kana\u0142y, segmenty klient\u00f3w i czynniki wp\u0142ywaj\u0105ce na wyniki.<br>\u2705 Analizy rynkowe \u2013 badamy trendy, konkurencj\u0119 i preferencje klient\u00f3w, aby pom\u00f3c Ci skutecznie pozycjonowa\u0107 ofert\u0119 i zwi\u0119ksza\u0107 udzia\u0142y w rynku.<br>\u2705 Analizy makroekonomiczne \u2013 dostarczamy szerok\u0105 perspektyw\u0119 na gospodark\u0119, analizuj\u0105c czynniki makroekonomiczne wp\u0142ywaj\u0105ce na Twoj\u0105 bran\u017c\u0119 i inwestycje.<\/p>\n\n\n\n<p class=\"has-secondary-color has-text-color has-superbfont-small-font-size\">Dzi\u0119ki naszym us\u0142ugom podejmiesz \u015bwiadome decyzje oparte na faktach, minimalizuj\u0105c ryzyko i maksymalizuj\u0105c zyski. Skontaktuj si\u0119 z nami i zobacz, jak mo\u017cemy wesprze\u0107 rozw\u00f3j Twojego biznesu!<\/p>\n<\/div>\n<\/div>\n<\/div>\n\n\n\n<div class=\"wp-block-group alignfull has-mono-4-background-color has-background has-global-padding is-layout-constrained wp-container-core-group-is-layout-129f6e7c wp-block-group-is-layout-constrained\" style=\"margin-top:0;margin-bottom:0;padding-top:var(--wp--preset--spacing--superbspacing-large);padding-right:var(--wp--preset--spacing--superbspacing-small);padding-bottom:var(--wp--preset--spacing--superbspacing-large);padding-left:var(--wp--preset--spacing--superbspacing-small)\">\n<div class=\"wp-block-columns alignwide is-layout-flex wp-container-core-columns-is-layout-25593187 wp-block-columns-is-layout-flex\">\n<div class=\"wp-block-column is-vertically-aligned-center is-layout-flow wp-container-core-column-is-layout-a1628350 wp-block-column-is-layout-flow\" style=\"padding-top:0;padding-right:0;padding-bottom:0;padding-left:0\">\n<div class=\"wp-block-group is-layout-flow wp-container-core-group-is-layout-ff697075 wp-block-group-is-layout-flow\">\n<h2 class=\"wp-block-heading has-text-align-left has-superbfont-xlarge-font-size\">Profesjonalny kontroling \u2013 pe\u0142na kontrola nad Twoj\u0105 firm\u0105<\/h2>\n\n\n\n<p class=\"has-text-align-left has-secondary-color has-text-color has-superbfont-small-font-size\"><br>\u2705 Kontroling finansowy \u2013 analiza koszt\u00f3w, rentowno\u015bci i p\u0142ynno\u015bci finansowej. Tworzymy precyzyjne raporty, bud\u017cety, prognozy d\u0142ugookresowe, forecasty i analizy odchyle\u0144, kt\u00f3re pomagaj\u0105 w zarz\u0105dzaniu finansami i zwi\u0119kszaniu zyskowno\u015bci.<br>\u2705 Kontroling sprzeda\u017cowy \u2013 monitorowanie efektywno\u015bci sprzeda\u017cy, analiza mar\u017cowo\u015bci produkt\u00f3w, identyfikacja najbardziej dochodowych kana\u0142\u00f3w sprzeda\u017cy i sporz\u0105dzanie bud\u017cet\u00f3w sprzeda\u017cowych i prognoz d\u0142ugookresowych oraz analiz<br>odchyle\u0144. Pomagamy optymalizowa\u0107 strategi\u0119 handlow\u0105 i maksymalizowa\u0107 przychody.<br>\u2705 Kontroling HR \u2013 analiza koszt\u00f3w zatrudnienia, sporz\u0105dzanie bud\u017cet\u00f3w HR, prognoz d\u0142ugookresowych oraz analiz odchyle\u0144.<\/p>\n\n\n\n<p class=\"has-secondary-color has-text-color has-superbfont-small-font-size\">Dzi\u0119ki naszym us\u0142ugom masz pewno\u015b\u0107, \u017ce Twoja firma dzia\u0142a efektywnie i zgodnie z za\u0142o\u017conymi celami. Skontaktuj si\u0119 z nami i zobacz, jak mo\u017cemy pom\u00f3c Ci w skutecznym zarz\u0105dzaniu biznesem!<\/p>\n<\/div>\n<\/div>\n\n\n\n<div class=\"wp-block-column is-vertically-aligned-center is-layout-flow wp-container-core-column-is-layout-40a2a7e8 wp-block-column-is-layout-flow\" style=\"padding-right:0;padding-bottom:0;padding-left:0\">\n<figure class=\"wp-block-image size-full has-custom-border\"><img loading=\"lazy\" decoding=\"async\" width=\"940\" height=\"788\" src=\"https:\/\/laboratoriumbiznesu.com.pl\/wp-content\/uploads\/2025\/05\/14.png\" alt=\"\" class=\"wp-image-64\" style=\"border-radius:0px\" srcset=\"https:\/\/laboratoriumbiznesu.com.pl\/wp-content\/uploads\/2025\/05\/14.png 940w, https:\/\/laboratoriumbiznesu.com.pl\/wp-content\/uploads\/2025\/05\/14-300x251.png 300w, https:\/\/laboratoriumbiznesu.com.pl\/wp-content\/uploads\/2025\/05\/14-768x644.png 768w\" sizes=\"auto, (max-width: 940px) 100vw, 940px\" \/><\/figure>\n<\/div>\n<\/div>\n<\/div>\n\n\n\n<div class=\"wp-block-group alignfull has-mono-4-background-color has-background has-global-padding is-layout-constrained wp-container-core-group-is-layout-129f6e7c wp-block-group-is-layout-constrained\" style=\"margin-top:0;margin-bottom:0;padding-top:var(--wp--preset--spacing--superbspacing-large);padding-right:var(--wp--preset--spacing--superbspacing-small);padding-bottom:var(--wp--preset--spacing--superbspacing-large);padding-left:var(--wp--preset--spacing--superbspacing-small)\">\n<div class=\"wp-block-columns alignwide is-layout-flex wp-container-core-columns-is-layout-25593187 wp-block-columns-is-layout-flex\">\n<div class=\"wp-block-column is-vertically-aligned-center is-layout-flow wp-container-core-column-is-layout-40a2a7e8 wp-block-column-is-layout-flow\" style=\"padding-right:0;padding-bottom:0;padding-left:0\">\n<figure class=\"wp-block-image size-full has-custom-border\"><img loading=\"lazy\" decoding=\"async\" width=\"940\" height=\"788\" src=\"https:\/\/laboratoriumbiznesu.com.pl\/wp-content\/uploads\/2025\/05\/8-1.png\" alt=\"\" class=\"wp-image-72\" style=\"border-radius:8px\" srcset=\"https:\/\/laboratoriumbiznesu.com.pl\/wp-content\/uploads\/2025\/05\/8-1.png 940w, https:\/\/laboratoriumbiznesu.com.pl\/wp-content\/uploads\/2025\/05\/8-1-300x251.png 300w, https:\/\/laboratoriumbiznesu.com.pl\/wp-content\/uploads\/2025\/05\/8-1-768x644.png 768w\" sizes=\"auto, (max-width: 940px) 100vw, 940px\" \/><\/figure>\n<\/div>\n\n\n\n<div class=\"wp-block-column is-vertically-aligned-center is-layout-flow wp-container-core-column-is-layout-a1628350 wp-block-column-is-layout-flow\" style=\"padding-top:0;padding-right:0;padding-bottom:0;padding-left:0\">\n<div class=\"wp-block-group is-layout-flow wp-container-core-group-is-layout-ff697075 wp-block-group-is-layout-flow\">\n<h2 class=\"wp-block-heading has-text-align-left has-superbfont-xlarge-font-size\">Badania rynkowe \u2013 wiedza, kt\u00f3ra daje przewag\u0119<\/h2>\n\n\n\n<p class=\"has-text-align-left has-secondary-color has-text-color has-superbfont-small-font-size\">\u2705 Analizy sprzeda\u017cowe \u2013 pomagamy optymalizowa\u0107 strategie sprzeda\u017cowe, identyfikuj\u0105c najbardziej rentowne kana\u0142y, segmenty klient\u00f3w i czynniki wp\u0142ywaj\u0105ce na wyniki.<br>\u2705 Analizy rynkowe \u2013 badamy trendy, konkurencj\u0119 i preferencje klient\u00f3w, aby pom\u00f3c Ci skutecznie pozycjonowa\u0107 ofert\u0119 i zwi\u0119ksza\u0107 udzia\u0142y w rynku.<br>\u2705 Analizy makroekonomiczne \u2013 dostarczamy szerok\u0105 perspektyw\u0119 na gospodark\u0119, analizuj\u0105c czynniki makroekonomiczne wp\u0142ywaj\u0105ce na Twoj\u0105 bran\u017c\u0119 i inwestycje.<\/p>\n\n\n\n<p class=\"has-text-align-left has-secondary-color has-text-color has-superbfont-small-font-size\">Dzi\u0119ki naszym us\u0142ugom podejmiesz \u015bwiadome decyzje oparte na faktach, minimalizuj\u0105c ryzyko i maksymalizuj\u0105c zyski. <\/p>\n<\/div>\n\n\n\n<div class=\"wp-block-buttons is-layout-flex wp-container-core-buttons-is-layout-69f3c5ca wp-block-buttons-is-layout-flex\"><\/div>\n<\/div>\n<\/div>\n<\/div>\n<\/div>\n","protected":false},"excerpt":{"rendered":"<p>Profesjonalne analizy dla lepszych decyzji biznesowych \u2705 Analizy sprzeda\u017cowe \u2013 pomagamy optymalizowa\u0107 strategie sprzeda\u017cowe, identyfikuj\u0105c najbardziej rentowne kana\u0142y, segmenty klient\u00f3w i czynniki wp\u0142ywaj\u0105ce na wyniki.\u2705 Analizy rynkowe \u2013 badamy trendy, konkurencj\u0119 i preferencje klient\u00f3w, aby pom\u00f3c Ci skutecznie pozycjonowa\u0107 ofert\u0119 i zwi\u0119ksza\u0107 udzia\u0142y w rynku.\u2705 Analizy makroekonomiczne \u2013 dostarczamy szerok\u0105 perspektyw\u0119 na gospodark\u0119, analizuj\u0105c czynniki [&hellip;]<\/p>\n","protected":false},"author":1,"featured_media":0,"parent":0,"menu_order":0,"comment_status":"closed","ping_status":"closed","template":"superbaddons-page-template","meta":{"footnotes":""},"class_list":["post-102","page","type-page","status-publish","hentry"],"yoast_head":"<!-- This site is optimized with the Yoast SEO plugin v27.4 - https:\/\/yoast.com\/product\/yoast-seo-wordpress\/ -->\n<title>Oferta - laboratoriumbiznesu.com.pl<\/title>\n<meta name=\"description\" content=\"Analiza biznesowa - Kontroling - Controlling - Anliza przychod\u00f3w i koszt\u00f3w- Power BI - Excel -\" \/>\n<meta name=\"robots\" content=\"index, follow, max-snippet:-1, max-image-preview:large, max-video-preview:-1\" \/>\n<link rel=\"canonical\" href=\"https:\/\/laboratoriumbiznesu.com.pl\/?page_id=102\" \/>\n<meta property=\"og:locale\" content=\"en_US\" \/>\n<meta property=\"og:type\" content=\"article\" \/>\n<meta property=\"og:title\" content=\"Oferta - laboratoriumbiznesu.com.pl\" \/>\n<meta property=\"og:description\" content=\"Analiza biznesowa - Kontroling - Controlling - Anliza przychod\u00f3w i koszt\u00f3w- Power BI - Excel -\" \/>\n<meta property=\"og:url\" content=\"https:\/\/laboratoriumbiznesu.com.pl\/?page_id=102\" \/>\n<meta property=\"og:site_name\" content=\"laboratoriumbiznesu.com.pl\" \/>\n<meta property=\"article:modified_time\" content=\"2025-06-04T11:57:19+00:00\" \/>\n<meta property=\"og:image\" content=\"https:\/\/laboratoriumbiznesu.com.pl\/wp-content\/uploads\/2025\/05\/141.png\" \/>\n\t<meta property=\"og:image:width\" content=\"1584\" \/>\n\t<meta property=\"og:image:height\" content=\"396\" \/>\n\t<meta property=\"og:image:type\" content=\"image\/png\" \/>\n<meta name=\"twitter:card\" content=\"summary_large_image\" \/>\n<meta name=\"twitter:label1\" content=\"Est. reading time\" \/>\n\t<meta name=\"twitter:data1\" content=\"2 minutes\" \/>\n<script type=\"application\/ld+json\" class=\"yoast-schema-graph\">{\"@context\":\"https:\\\/\\\/schema.org\",\"@graph\":[{\"@type\":\"WebPage\",\"@id\":\"https:\\\/\\\/laboratoriumbiznesu.com.pl\\\/?page_id=102\",\"url\":\"https:\\\/\\\/laboratoriumbiznesu.com.pl\\\/?page_id=102\",\"name\":\"Oferta - laboratoriumbiznesu.com.pl\",\"isPartOf\":{\"@id\":\"https:\\\/\\\/laboratoriumbiznesu.com.pl\\\/#website\"},\"primaryImageOfPage\":{\"@id\":\"https:\\\/\\\/laboratoriumbiznesu.com.pl\\\/?page_id=102#primaryimage\"},\"image\":{\"@id\":\"https:\\\/\\\/laboratoriumbiznesu.com.pl\\\/?page_id=102#primaryimage\"},\"thumbnailUrl\":\"https:\\\/\\\/laboratoriumbiznesu.com.pl\\\/wp-content\\\/uploads\\\/2025\\\/05\\\/141.png\",\"datePublished\":\"2025-05-30T20:49:43+00:00\",\"dateModified\":\"2025-06-04T11:57:19+00:00\",\"description\":\"Analiza biznesowa - Kontroling - Controlling - Anliza przychod\u00f3w i koszt\u00f3w- Power BI - Excel -\",\"breadcrumb\":{\"@id\":\"https:\\\/\\\/laboratoriumbiznesu.com.pl\\\/?page_id=102#breadcrumb\"},\"inLanguage\":\"en-US\",\"potentialAction\":[{\"@type\":\"ReadAction\",\"target\":[\"https:\\\/\\\/laboratoriumbiznesu.com.pl\\\/?page_id=102\"]}]},{\"@type\":\"ImageObject\",\"inLanguage\":\"en-US\",\"@id\":\"https:\\\/\\\/laboratoriumbiznesu.com.pl\\\/?page_id=102#primaryimage\",\"url\":\"https:\\\/\\\/laboratoriumbiznesu.com.pl\\\/wp-content\\\/uploads\\\/2025\\\/05\\\/141.png\",\"contentUrl\":\"https:\\\/\\\/laboratoriumbiznesu.com.pl\\\/wp-content\\\/uploads\\\/2025\\\/05\\\/141.png\",\"width\":1584,\"height\":396},{\"@type\":\"BreadcrumbList\",\"@id\":\"https:\\\/\\\/laboratoriumbiznesu.com.pl\\\/?page_id=102#breadcrumb\",\"itemListElement\":[{\"@type\":\"ListItem\",\"position\":1,\"name\":\"Strona g\u0142\u00f3wna\",\"item\":\"https:\\\/\\\/laboratoriumbiznesu.com.pl\\\/\"},{\"@type\":\"ListItem\",\"position\":2,\"name\":\"Oferta\"}]},{\"@type\":\"WebSite\",\"@id\":\"https:\\\/\\\/laboratoriumbiznesu.com.pl\\\/#website\",\"url\":\"https:\\\/\\\/laboratoriumbiznesu.com.pl\\\/\",\"name\":\"laboratoriumbiznesu.com.pl\",\"description\":\"\",\"publisher\":{\"@id\":\"https:\\\/\\\/laboratoriumbiznesu.com.pl\\\/#\\\/schema\\\/person\\\/19433f458f065138762c56281555c9e9\"},\"alternateName\":\"Laboratorium Biznesu i Analiz\",\"potentialAction\":[{\"@type\":\"SearchAction\",\"target\":{\"@type\":\"EntryPoint\",\"urlTemplate\":\"https:\\\/\\\/laboratoriumbiznesu.com.pl\\\/?s={search_term_string}\"},\"query-input\":{\"@type\":\"PropertyValueSpecification\",\"valueRequired\":true,\"valueName\":\"search_term_string\"}}],\"inLanguage\":\"en-US\"},{\"@type\":[\"Person\",\"Organization\"],\"@id\":\"https:\\\/\\\/laboratoriumbiznesu.com.pl\\\/#\\\/schema\\\/person\\\/19433f458f065138762c56281555c9e9\",\"name\":\"Karolina Malickia\",\"image\":{\"@type\":\"ImageObject\",\"inLanguage\":\"en-US\",\"@id\":\"https:\\\/\\\/laboratoriumbiznesu.com.pl\\\/wp-content\\\/uploads\\\/2025\\\/05\\\/IMG_0202.jpeg\",\"url\":\"https:\\\/\\\/laboratoriumbiznesu.com.pl\\\/wp-content\\\/uploads\\\/2025\\\/05\\\/IMG_0202.jpeg\",\"contentUrl\":\"https:\\\/\\\/laboratoriumbiznesu.com.pl\\\/wp-content\\\/uploads\\\/2025\\\/05\\\/IMG_0202.jpeg\",\"width\":1024,\"height\":1024,\"caption\":\"Karolina Malickia\"},\"logo\":{\"@id\":\"https:\\\/\\\/laboratoriumbiznesu.com.pl\\\/wp-content\\\/uploads\\\/2025\\\/05\\\/IMG_0202.jpeg\"},\"sameAs\":[\"https:\\\/\\\/laboratoriumbiznesu.com.pl\\\/\"]}]}<\/script>\n<!-- \/ Yoast SEO plugin. -->","yoast_head_json":{"title":"Oferta - laboratoriumbiznesu.com.pl","description":"Analiza biznesowa - Kontroling - Controlling - Anliza przychod\u00f3w i koszt\u00f3w- Power BI - Excel -","robots":{"index":"index","follow":"follow","max-snippet":"max-snippet:-1","max-image-preview":"max-image-preview:large","max-video-preview":"max-video-preview:-1"},"canonical":"https:\/\/laboratoriumbiznesu.com.pl\/?page_id=102","og_locale":"en_US","og_type":"article","og_title":"Oferta - laboratoriumbiznesu.com.pl","og_description":"Analiza biznesowa - Kontroling - Controlling - Anliza przychod\u00f3w i koszt\u00f3w- Power BI - Excel -","og_url":"https:\/\/laboratoriumbiznesu.com.pl\/?page_id=102","og_site_name":"laboratoriumbiznesu.com.pl","article_modified_time":"2025-06-04T11:57:19+00:00","og_image":[{"width":1584,"height":396,"url":"https:\/\/laboratoriumbiznesu.com.pl\/wp-content\/uploads\/2025\/05\/141.png","type":"image\/png"}],"twitter_card":"summary_large_image","twitter_misc":{"Est. reading time":"2 minutes"},"schema":{"@context":"https:\/\/schema.org","@graph":[{"@type":"WebPage","@id":"https:\/\/laboratoriumbiznesu.com.pl\/?page_id=102","url":"https:\/\/laboratoriumbiznesu.com.pl\/?page_id=102","name":"Oferta - laboratoriumbiznesu.com.pl","isPartOf":{"@id":"https:\/\/laboratoriumbiznesu.com.pl\/#website"},"primaryImageOfPage":{"@id":"https:\/\/laboratoriumbiznesu.com.pl\/?page_id=102#primaryimage"},"image":{"@id":"https:\/\/laboratoriumbiznesu.com.pl\/?page_id=102#primaryimage"},"thumbnailUrl":"https:\/\/laboratoriumbiznesu.com.pl\/wp-content\/uploads\/2025\/05\/141.png","datePublished":"2025-05-30T20:49:43+00:00","dateModified":"2025-06-04T11:57:19+00:00","description":"Analiza biznesowa - Kontroling - Controlling - Anliza przychod\u00f3w i koszt\u00f3w- Power BI - Excel -","breadcrumb":{"@id":"https:\/\/laboratoriumbiznesu.com.pl\/?page_id=102#breadcrumb"},"inLanguage":"en-US","potentialAction":[{"@type":"ReadAction","target":["https:\/\/laboratoriumbiznesu.com.pl\/?page_id=102"]}]},{"@type":"ImageObject","inLanguage":"en-US","@id":"https:\/\/laboratoriumbiznesu.com.pl\/?page_id=102#primaryimage","url":"https:\/\/laboratoriumbiznesu.com.pl\/wp-content\/uploads\/2025\/05\/141.png","contentUrl":"https:\/\/laboratoriumbiznesu.com.pl\/wp-content\/uploads\/2025\/05\/141.png","width":1584,"height":396},{"@type":"BreadcrumbList","@id":"https:\/\/laboratoriumbiznesu.com.pl\/?page_id=102#breadcrumb","itemListElement":[{"@type":"ListItem","position":1,"name":"Strona g\u0142\u00f3wna","item":"https:\/\/laboratoriumbiznesu.com.pl\/"},{"@type":"ListItem","position":2,"name":"Oferta"}]},{"@type":"WebSite","@id":"https:\/\/laboratoriumbiznesu.com.pl\/#website","url":"https:\/\/laboratoriumbiznesu.com.pl\/","name":"laboratoriumbiznesu.com.pl","description":"","publisher":{"@id":"https:\/\/laboratoriumbiznesu.com.pl\/#\/schema\/person\/19433f458f065138762c56281555c9e9"},"alternateName":"Laboratorium Biznesu i Analiz","potentialAction":[{"@type":"SearchAction","target":{"@type":"EntryPoint","urlTemplate":"https:\/\/laboratoriumbiznesu.com.pl\/?s={search_term_string}"},"query-input":{"@type":"PropertyValueSpecification","valueRequired":true,"valueName":"search_term_string"}}],"inLanguage":"en-US"},{"@type":["Person","Organization"],"@id":"https:\/\/laboratoriumbiznesu.com.pl\/#\/schema\/person\/19433f458f065138762c56281555c9e9","name":"Karolina Malickia","image":{"@type":"ImageObject","inLanguage":"en-US","@id":"https:\/\/laboratoriumbiznesu.com.pl\/wp-content\/uploads\/2025\/05\/IMG_0202.jpeg","url":"https:\/\/laboratoriumbiznesu.com.pl\/wp-content\/uploads\/2025\/05\/IMG_0202.jpeg","contentUrl":"https:\/\/laboratoriumbiznesu.com.pl\/wp-content\/uploads\/2025\/05\/IMG_0202.jpeg","width":1024,"height":1024,"caption":"Karolina Malickia"},"logo":{"@id":"https:\/\/laboratoriumbiznesu.com.pl\/wp-content\/uploads\/2025\/05\/IMG_0202.jpeg"},"sameAs":["https:\/\/laboratoriumbiznesu.com.pl\/"]}]}},"_links":{"self":[{"href":"https:\/\/laboratoriumbiznesu.com.pl\/index.php?rest_route=\/wp\/v2\/pages\/102","targetHints":{"allow":["GET"]}}],"collection":[{"href":"https:\/\/laboratoriumbiznesu.com.pl\/index.php?rest_route=\/wp\/v2\/pages"}],"about":[{"href":"https:\/\/laboratoriumbiznesu.com.pl\/index.php?rest_route=\/wp\/v2\/types\/page"}],"author":[{"embeddable":true,"href":"https:\/\/laboratoriumbiznesu.com.pl\/index.php?rest_route=\/wp\/v2\/users\/1"}],"replies":[{"embeddable":true,"href":"https:\/\/laboratoriumbiznesu.com.pl\/index.php?rest_route=%2Fwp%2Fv2%2Fcomments&post=102"}],"version-history":[{"count":11,"href":"https:\/\/laboratoriumbiznesu.com.pl\/index.php?rest_route=\/wp\/v2\/pages\/102\/revisions"}],"predecessor-version":[{"id":132,"href":"https:\/\/laboratoriumbiznesu.com.pl\/index.php?rest_route=\/wp\/v2\/pages\/102\/revisions\/132"}],"wp:attachment":[{"href":"https:\/\/laboratoriumbiznesu.com.pl\/index.php?rest_route=%2Fwp%2Fv2%2Fmedia&parent=102"}],"curies":[{"name":"wp","href":"https:\/\/api.w.org\/{rel}","templated":true}]}}